444?
False
Is 2245270 a multiple of 8?
False
Does 20 divide 165200?
True
Does 3 divide 27417?
True
Does 15 divide 304371?
False
Is 110814 a multiple of 253?
True
Does 12 divide 791193?
False
Is 63 a factor of 8708390?
False
Is 9 a factor of 1424728?
False
Does 33 divide 768768?
True
Is 1502405 a multiple of 322?
False
Is 215986 a multiple of 79?
True
Does 5 divide 568125?
True
Is 10 a factor of 1053492?
False
Is 5793562 a multiple of 125?
False
Is 2303805 a multiple of 259?
True
Does 214 divide 45796?
True
Is 351184 a multiple of 127?
False
Is 456956 a multiple of 142?
True
Does 3 divide 52746?
True
Is 178711 a multiple of 20?
False
Is 436416 a multiple of 12?
True
Is 1053 a factor of 1009827?
True
Is 6 a factor of 29010?
True
Does 3 divide 349847?
False
Is 10 a factor of 2388140?
True
Does 7 divide 1757562?
False
Is 61 a factor of 409366?
False
Is 3990 a multiple of 285?
True
Does 314 divide 646212?
True
Is 471933 a multiple of 297?
True
Is 105 a factor of 198905?
False
Is 30 a factor of 74910?
True
Is 1979025 a multiple of 26?
False
Does 25 divide 6130359?
False
Does 15 divide 3889?
False
Is 10 a factor of 26995459?
False
Is 70711 a multiple of 58?
False
Does 50 divide 48926?
False
Is 325850 a multiple of 70?
True
Is 15980 a multiple of 13?
False
Is 26 a factor of 1021743?
False
Is 2 a factor of 26301?
False
Is 107 a factor of 1753162?
False
Is 404558 a multiple of 91?
False
Is 7 a factor of 121716?
True
Is 224640 a multiple of 13?
True
Is 26 a factor of 1807676?
True
Is 256 a factor of 5376?
True
Does 293 divide 20803?
True
Does 97 divide 331837?
True
Does 5 divide 87452?
False
Is 15 a factor of 3642780?
True
Is 647085 a multiple of 12?
False
Is 3 a factor of 1306662?
True
Is 68 a factor of 74596?
True
Is 448812 a multiple of 137?
True
Is 323545 a multiple of 187?
False
Does 16 divide 172272?
True
Is 4 a factor of 24571?
False
Is 1041 a factor of 686145?
False
Does 22 divide 1980?
True
Does 582 divide 3625278?
True
Does 8 divide 1158584?
True
Is 17 a factor of 36290?
False
Is 6 a factor of 214038?
True
Is 51 a factor of 143786?
False
Is 2598355 a multiple of 8?
False
Is 51 a factor of 461958?
True
Does 13 divide 590356?
True
Is 531415 a multiple of 49?
False
Is 562 a factor of 10601006?
True
Is 10292130 a multiple of 18?
True
Is 192734 a multiple of 409?
False
Does 12 divide 507017?
False
Is 11979968 a multiple of 416?
True
Is 65 a factor of 1298115?
True
Does 5 divide 275575?
True
Is 56 a factor of 66136?
True
Is 709021 a multiple of 24?
False
Does 8 divide 1245725?
False
Does 14 divide 1787394?
True
Is 60060 a multiple of 11?
True
Does 8 divide 2155003?
False
Does 856 divide 5639328?
True
Does 146 divide 118990?
True
Is 308 a factor of 2537304?
True
Is 160256 a multiple of 128?
True
Is 1523871 a multiple of 22?
False
Does 206 divide 785282?
False
Does 4 divide 506236?
True
Does 42 divide 82026?
True
Is 19 a factor of 1728906?
False
Does 643 divide 257843?
True
Does 518 divide 39250612?
False
Is 92865 a multiple of 41?
True
Is 20895588 a multiple of 293?
True
Does 3018 divide 9530844?
True
Is 15 a factor of 471855?
True
Does 16 divide 9072?
True
Is 2705 a multiple of 541?
True
Is 85860 a multiple of 106?
True
Is 96694 a multiple of 169?
False
Does 181 divide 32580?
True
Is 25 a factor of 440906?
False
Is 81956 a multiple of 28?
True
Does 36 divide 4687865?
False
Is 99 a factor of 445946?
False
Does 103 divide 11513?
False
Does 18 divide 1015038?
True
Is 96 a factor of 110400?
True
Is 516810 a multiple of 166?
False
Is 916065 a multiple of 4?
False
Is 27 a factor of 604612?
False
Is 14 a factor of 6977678?
False
Does 39 divide 8974?
False
Does 213 divide 1154247?
True
Is 7696553 a multiple of 262?
False
Is 154665 a multiple of 35?
True
Does 280 divide 3023780?
False
Is 58 a factor of 41354?
True
Does 111 divide 5534238?
True
Is 21 a factor of 5354594?
False
Does 148 divide 3545636?
True
Is 211 a factor of 193288?
False
Is 8 a factor of 10457932?
False
Is 268180 a multiple of 92?
True
Is 31247 a multiple of 52?
False
Is 182259 a multiple of 77?
True
Does 396 divide 340164?
True
Is 9443 a multiple of 71?
True
Is 171456 a multiple of 304?
True
Is 40310 a multiple of 4?
False
Is 475201 a multiple of 23?
False
Is 15 a factor of 1570342?
False
Is 9 a factor of 1686280?
False
Is 16 a factor of 604198?
False
Does 48 divide 133056?
True
Is 11283104 a multiple of 105?
False
Is 16 a factor of 626080?
True
Is 86 a factor of 311934?
False
Does 55 divide 1606770?
True
Is 52 a factor of 167022?
False
Does 8 divide 1028778?
False
Does 392 divide 84280?
True
Is 4885023 a multiple of 36?
False
Is 5 a factor of 71696?
False
Is 4894945 a multiple of 9?
False
Is 7220605 a multiple of 34?
False
Is 1347930 a multiple of 79?
False
Is 1726010 a multiple of 22?
True
Is 94 a factor of 2619106?
False
Is 200 a factor of 13768000?
True
Is 39936 a multiple of 24?
True
Is 12016691 a multiple of 2094?
False
Is 229839 a multiple of 69?
True
Is 968013 a multiple of 38?
False
Is 214 a factor of 51636?
False
Is 224 a factor of 86440?
False
Is 1434036 a multiple of 46?
False
Is 147876 a multiple of 182?
False
Is 17 a factor of 194378?
True
Is 310880 a multiple of 134?
True
Does 14 divide 98858?
False
Is 2764159 a multiple of 159?
False
Is 14 a factor of 1197755?
False
Does 9 divide 185921?
False
Does 72 divide 589443?
False
Is 505 a factor of 1968880?
False
Does 21 divide 2076927?
False
Is 2245320 a multiple of 440?
True
Is 328073 a multiple of 19?
True
Does 7 divide 217050?
False
Does 38 divide 6268252?
True
Is 109423 a multiple of 3?
False
Is 3215301 a multiple of 32?
False
Is 31830 a multiple of 37?
False
Does 10 divide 179730?
True
Does 22 divide 139986?
True
Is 6916971 a multiple of 1293?
False
Does 154 divide 796781?
False
Is 60 a factor of 1139652?
False
Is 335057 a multiple of 8?
False
Is 64025 a multiple of 25?
True
Does 14 divide 60774?
True
Does 62 divide 16758?
False
Does 35 divide 168315?
True
Does 130 divide 50050?
True
Does 633 divide 2808621?
True
Is 2 a factor of 10269?
False
Is 165 a factor of 2871565?
False
Is 39 a factor of 56114?
False
Is 229 a factor of 12595?
True
Is 37 a factor of 205091?
True
Does 265 divide 3727277?
False
Is 1756483 a multiple of 79?
False
Is 38 a factor of 27816?
True
Is 419384 a multiple of 14?
True
Is 12 a factor of 223200?
True
Is 46 a factor of 102802?
False
Is 257 even?
False
Is 49 a factor of 574440?
False
Is 7 a factor of 735940?
False
Is 28613 a multiple of 12?
False
Is 271 a factor of 1636569?
True
Is 633304 a multiple of 2?
True
Is 123804 a multiple of 57?
True
Is 176 a factor of 4345430?
False
Is 5 a factor of 1267670?
True
Does 15 divide 13128960?
True
Is 360582 a multiple of 29?
False
Is 60382 a multiple of 38?
True
Is 71 a factor of 458?
False
Is 2262985 a multiple of 69?
False
Is 75019 a multiple of 123?
False
Does 40 divide 182390?
False
Is 1486 a factor of 3336070?
True
Is 39 a factor of 3434535?
True
Is 99 a factor of 29818?
False
Does 75 divide 972675?
True
Does 2 divide 292075?
False
Is 68 a factor of 82821?
False
Is 16 a factor of 19727054?
False
Does 305 divide 1878190?
True
Is 7 a factor of 833471?
False
Does 83 divide 344284?
True
Is 251237 a multiple of 19?
True
Does 19 divide 92454?
True
Is 192 a factor of 71700?
False
Does 723 divide 6660999?
True
Does 8 divide 1983721?
False
Is 50640 a multiple of 240?
True
Is 379 a factor of 1212421?
True
Is 14 a factor of 25335?
False
Is 15521 a multiple of 29?
False
Is 110903 a multiple of 13?
True
Is 127237 a multiple of 43?
True
Does 169 divide 593952?
False
Does 4 divide 1341620?
True
Is 1159 a factor of 1606374?
True
Does 714 divide 478380?
True
Is 78266 a multiple of 24?
False
Does 327 divide 3652263?
True
Is 10613 a multiple of 151?
False
Is 1035992 a multiple of 45?
False
Is 482 a factor of 1532278?
True
Is 114868 a multiple of 4?
True
Is 675399 a multiple of 30?
False
Is 160 a factor of 559467?
False
Is 1055678 a multiple of 247?
True
Is 10956608 a multiple of 64?
True
Is 84 a factor of 975464?
False
Is 876269 a multiple of 31?
False
Does 8 divide 1294288?
True
Is 16 a factor of 254022?
False
Is 2215021 a multiple of 97?
False
Does 9 divide 12119625?
True
Is 16995 a multiple of 2?
False
Is 14 a factor of 325290?
True
Does 24 divide 2079089?
False
Is 16 a fac